{"id":1153,"date":"2020-10-11T01:48:04","date_gmt":"2020-10-11T00:48:04","guid":{"rendered":"https:\/\/cafemozaika.pl\/?page_id=1153"},"modified":"2025-06-17T18:48:26","modified_gmt":"2025-06-17T17:48:26","slug":"elementor-1153","status":"publish","type":"page","link":"https:\/\/sofra.waw.pl\/?page_id=1153","title":{"rendered":"WEEKEDOWY BRUNCH"},"content":{"rendered":"\t\t<div data-elementor-type=\"wp-page\" data-elementor-id=\"1153\" class=\"elementor elementor-1153\">\n\t\t\t\t\t\t<section class=\"elementor-section elementor-top-section elementor-element elementor-element-81f8026 elementor-section-height-min-height elementor-section-content-middle elementor-reverse-mobile elementor-section-stretched elementor-section-boxed elementor-section-height-default elementor-section-items-middle\" data-id=\"81f8026\" data-element_type=\"section\" data-settings=\"{&quot;background_background&quot;:&quot;none&quot;,&quot;animation&quot;:&quot;none&quot;,&quot;stretch_section&quot;:&quot;section-stretched&quot;,&quot;animation_mobile&quot;:&quot;none&quot;}\">\n\t\t\t\t\t\t<div class=\"elementor-container elementor-column-gap-default\">\n\t\t\t\t\t<div class=\"elementor-column elementor-col-50 elementor-top-column elementor-element elementor-element-289fa3b\" data-id=\"289fa3b\" data-element_type=\"column\" data-settings=\"{&quot;animation&quot;:&quot;none&quot;,&quot;animation_mobile&quot;:&quot;none&quot;}\">\n\t\t\t<div class=\"elementor-widget-wrap elementor-element-populated\">\n\t\t\t\t\t\t<div class=\"elementor-element elementor-element-d6cbdfe elementor-arrows-position-inside elementor-pagination-position-outside elementor-widget elementor-widget-image-carousel\" data-id=\"d6cbdfe\" data-element_type=\"widget\" data-settings=\"{&quot;slides_to_show&quot;:&quot;1&quot;,&quot;autoplay&quot;:&quot;no&quot;,&quot;navigation&quot;:&quot;both&quot;,&quot;infinite&quot;:&quot;yes&quot;,&quot;effect&quot;:&quot;slide&quot;,&quot;speed&quot;:500}\" data-widget_type=\"image-carousel.default\">\n\t\t\t\t<div class=\"elementor-widget-container\">\n\t\t\t\t\t\t\t<div class=\"elementor-image-carousel-wrapper swiper\" role=\"region\" aria-roledescription=\"carousel\" aria-label=\"Karuzela obrazk\u00f3w\" dir=\"ltr\">\n\t\t\t<div class=\"elementor-image-carousel swiper-wrapper\" aria-live=\"polite\">\n\t\t\t\t\t\t\t\t<div class=\"swiper-slide\" role=\"group\" aria-roledescription=\"slide\" aria-label=\"1 z 9\"><a data-elementor-open-lightbox=\"yes\" data-elementor-lightbox-slideshow=\"d6cbdfe\" data-elementor-lightbox-title=\"IMG_4408\" data-e-action-hash=\"#elementor-action%3Aaction%3Dlightbox%26settings%3DeyJpZCI6MTg5OCwidXJsIjoiaHR0cHM6XC9cL3NvZnJhLndhdy5wbFwvd3AtY29udGVudFwvdXBsb2Fkc1wvMjAyMlwvMDFcL0lNR180NDA4LmpwZyIsInNsaWRlc2hvdyI6ImQ2Y2JkZmUifQ%3D%3D\" href=\"https:\/\/sofra.waw.pl\/wp-content\/uploads\/2022\/01\/IMG_4408.jpg\"><figure class=\"swiper-slide-inner\"><img decoding=\"async\" class=\"swiper-slide-image\" src=\"https:\/\/sofra.waw.pl\/wp-content\/uploads\/elementor\/thumbs\/IMG_4408-pjofqpnemhzb2erhbr0ue3reat1r8k4nn6jrbwqcfk.jpg\" alt=\"IMG_4408\" \/><\/figure><\/a><\/div><div class=\"swiper-slide\" role=\"group\" aria-roledescription=\"slide\" aria-label=\"2 z 9\"><a data-elementor-open-lightbox=\"yes\" data-elementor-lightbox-slideshow=\"d6cbdfe\" data-elementor-lightbox-title=\"IMG_6081\" data-e-action-hash=\"#elementor-action%3Aaction%3Dlightbox%26settings%3DeyJpZCI6MTkwMCwidXJsIjoiaHR0cHM6XC9cL3NvZnJhLndhdy5wbFwvd3AtY29udGVudFwvdXBsb2Fkc1wvMjAyMlwvMDFcL0lNR182MDgxLXNjYWxlZC5qcGciLCJzbGlkZXNob3ciOiJkNmNiZGZlIn0%3D\" href=\"https:\/\/sofra.waw.pl\/wp-content\/uploads\/2022\/01\/IMG_6081-scaled.jpg\"><figure class=\"swiper-slide-inner\"><img decoding=\"async\" class=\"swiper-slide-image\" src=\"https:\/\/sofra.waw.pl\/wp-content\/uploads\/elementor\/thumbs\/IMG_6081-scaled-pjofr0xgwieqxqb3hvwd80wxffi5sxdfoqdl389mcw.jpg\" alt=\"IMG_6081\" \/><\/figure><\/a><\/div><div class=\"swiper-slide\" role=\"group\" aria-roledescription=\"slide\" aria-label=\"3 z 9\"><a data-elementor-open-lightbox=\"yes\" data-elementor-lightbox-slideshow=\"d6cbdfe\" data-elementor-lightbox-title=\"IMG_9567\" data-e-action-hash=\"#elementor-action%3Aaction%3Dlightbox%26settings%3DeyJpZCI6MTcwNiwidXJsIjoiaHR0cHM6XC9cL3NvZnJhLndhdy5wbFwvd3AtY29udGVudFwvdXBsb2Fkc1wvMjAyMlwvMDFcL0lNR185NTY3LmpwZyIsInNsaWRlc2hvdyI6ImQ2Y2JkZmUifQ%3D%3D\" href=\"https:\/\/sofra.waw.pl\/wp-content\/uploads\/2022\/01\/IMG_9567.jpg\"><figure class=\"swiper-slide-inner\"><img decoding=\"async\" class=\"swiper-slide-image\" src=\"https:\/\/sofra.waw.pl\/wp-content\/uploads\/elementor\/thumbs\/IMG_9567-pjajnkxoe91uzlbcysqiy4qw6w6tyuy3ryg3ou5j00.jpg\" alt=\"IMG_9567\" \/><\/figure><\/a><\/div><div class=\"swiper-slide\" role=\"group\" aria-roledescription=\"slide\" aria-label=\"4 z 9\"><a data-elementor-open-lightbox=\"yes\" data-elementor-lightbox-slideshow=\"d6cbdfe\" data-elementor-lightbox-title=\"aff68185-5db2-433e-8bf7-6be117f5e0aa[40380]\" data-e-action-hash=\"#elementor-action%3Aaction%3Dlightbox%26settings%3DeyJpZCI6MTg5NCwidXJsIjoiaHR0cHM6XC9cL3NvZnJhLndhdy5wbFwvd3AtY29udGVudFwvdXBsb2Fkc1wvMjAyMlwvMDFcL2FmZjY4MTg1LTVkYjItNDMzZS04YmY3LTZiZTExN2Y1ZTBhYTQwMzgwLmpwZyIsInNsaWRlc2hvdyI6ImQ2Y2JkZmUifQ%3D%3D\" href=\"https:\/\/sofra.waw.pl\/wp-content\/uploads\/2022\/01\/aff68185-5db2-433e-8bf7-6be117f5e0aa40380.jpg\"><figure class=\"swiper-slide-inner\"><img decoding=\"async\" class=\"swiper-slide-image\" src=\"https:\/\/sofra.waw.pl\/wp-content\/uploads\/elementor\/thumbs\/aff68185-5db2-433e-8bf7-6be117f5e0aa40380-pjofqdfi5nikvh98b3qozouekspzghs59i2g3b8gog.jpg\" alt=\"aff68185-5db2-433e-8bf7-6be117f5e0aa[40380]\" \/><\/figure><\/a><\/div><div class=\"swiper-slide\" role=\"group\" aria-roledescription=\"slide\" aria-label=\"5 z 9\"><a data-elementor-open-lightbox=\"yes\" data-elementor-lightbox-slideshow=\"d6cbdfe\" data-elementor-lightbox-title=\"c0eeddf3-682d-42ae-a089-82e3186d9372[40385]\" data-e-action-hash=\"#elementor-action%3Aaction%3Dlightbox%26settings%3DeyJpZCI6MTg5NSwidXJsIjoiaHR0cHM6XC9cL3NvZnJhLndhdy5wbFwvd3AtY29udGVudFwvdXBsb2Fkc1wvMjAyMlwvMDFcL2MwZWVkZGYzLTY4MmQtNDJhZS1hMDg5LTgyZTMxODZkOTM3MjQwMzg1LmpwZyIsInNsaWRlc2hvdyI6ImQ2Y2JkZmUifQ%3D%3D\" href=\"https:\/\/sofra.waw.pl\/wp-content\/uploads\/2022\/01\/c0eeddf3-682d-42ae-a089-82e3186d937240385.jpg\"><figure class=\"swiper-slide-inner\"><img decoding=\"async\" class=\"swiper-slide-image\" src=\"https:\/\/sofra.waw.pl\/wp-content\/uploads\/elementor\/thumbs\/c0eeddf3-682d-42ae-a089-82e3186d937240385-pjofqfb6jbl5ip6i04jy4odbrkgpvvzlxrdf1v5oc0.jpg\" alt=\"c0eeddf3-682d-42ae-a089-82e3186d9372[40385]\" \/><\/figure><\/a><\/div><div class=\"swiper-slide\" role=\"group\" aria-roledescription=\"slide\" aria-label=\"6 z 9\"><a data-elementor-open-lightbox=\"yes\" data-elementor-lightbox-slideshow=\"d6cbdfe\" data-elementor-lightbox-title=\"IMG_1103\" data-e-action-hash=\"#elementor-action%3Aaction%3Dlightbox%26settings%3DeyJpZCI6MTg5NiwidXJsIjoiaHR0cHM6XC9cL3NvZnJhLndhdy5wbFwvd3AtY29udGVudFwvdXBsb2Fkc1wvMjAyMlwvMDFcL0lNR18xMTAzLXNjYWxlZC5qcGciLCJzbGlkZXNob3ciOiJkNmNiZGZlIn0%3D\" href=\"https:\/\/sofra.waw.pl\/wp-content\/uploads\/2022\/01\/IMG_1103-scaled.jpg\"><figure class=\"swiper-slide-inner\"><img decoding=\"async\" class=\"swiper-slide-image\" src=\"https:\/\/sofra.waw.pl\/wp-content\/uploads\/elementor\/thumbs\/IMG_1103-scaled-pjofqky7obsvgcyb36zpjmy3bvox62lzyjabxixbao.jpg\" alt=\"IMG_1103\" \/><\/figure><\/a><\/div><div class=\"swiper-slide\" role=\"group\" aria-roledescription=\"slide\" aria-label=\"7 z 9\"><a data-elementor-open-lightbox=\"yes\" data-elementor-lightbox-slideshow=\"d6cbdfe\" data-elementor-lightbox-title=\"IMG_2833\" data-e-action-hash=\"#elementor-action%3Aaction%3Dlightbox%26settings%3DeyJpZCI6MTg5NywidXJsIjoiaHR0cHM6XC9cL3NvZnJhLndhdy5wbFwvd3AtY29udGVudFwvdXBsb2Fkc1wvMjAyMlwvMDFcL0lNR18yODMzLmpwZyIsInNsaWRlc2hvdyI6ImQ2Y2JkZmUifQ%3D%3D\" href=\"https:\/\/sofra.waw.pl\/wp-content\/uploads\/2022\/01\/IMG_2833.jpg\"><figure class=\"swiper-slide-inner\"><img decoding=\"async\" class=\"swiper-slide-image\" src=\"https:\/\/sofra.waw.pl\/wp-content\/uploads\/elementor\/thumbs\/IMG_2833-pjofqopkfny0qssuh8m7tlzxpf6e0v0xb1w9umrqls.jpg\" alt=\"IMG_2833\" \/><\/figure><\/a><\/div><div class=\"swiper-slide\" role=\"group\" aria-roledescription=\"slide\" aria-label=\"8 z 9\"><a data-elementor-open-lightbox=\"yes\" data-elementor-lightbox-slideshow=\"d6cbdfe\" data-elementor-lightbox-title=\"IMG_6079\" data-e-action-hash=\"#elementor-action%3Aaction%3Dlightbox%26settings%3DeyJpZCI6MTg5OSwidXJsIjoiaHR0cHM6XC9cL3NvZnJhLndhdy5wbFwvd3AtY29udGVudFwvdXBsb2Fkc1wvMjAyMlwvMDFcL0lNR182MDc5LXNjYWxlZC5qcGciLCJzbGlkZXNob3ciOiJkNmNiZGZlIn0%3D\" href=\"https:\/\/sofra.waw.pl\/wp-content\/uploads\/2022\/01\/IMG_6079-scaled.jpg\"><figure class=\"swiper-slide-inner\"><img decoding=\"async\" class=\"swiper-slide-image\" src=\"https:\/\/sofra.waw.pl\/wp-content\/uploads\/elementor\/thumbs\/IMG_6079-scaled-pjofqvafri7102jaetglt2c5v49yiqr1nygo7khze8.jpg\" alt=\"IMG_6079\" \/><\/figure><\/a><\/div><div class=\"swiper-slide\" role=\"group\" aria-roledescription=\"slide\" aria-label=\"9 z 9\"><a data-elementor-open-lightbox=\"yes\" data-elementor-lightbox-slideshow=\"d6cbdfe\" data-elementor-lightbox-title=\"IMG_7130\" data-e-action-hash=\"#elementor-action%3Aaction%3Dlightbox%26settings%3DeyJpZCI6MTkwMSwidXJsIjoiaHR0cHM6XC9cL3NvZnJhLndhdy5wbFwvd3AtY29udGVudFwvdXBsb2Fkc1wvMjAyMlwvMDFcL0lNR183MTMwLXNjYWxlZC5qcGciLCJzbGlkZXNob3ciOiJkNmNiZGZlIn0%3D\" href=\"https:\/\/sofra.waw.pl\/wp-content\/uploads\/2022\/01\/IMG_7130-scaled.jpg\"><figure class=\"swiper-slide-inner\"><img decoding=\"async\" class=\"swiper-slide-image\" src=\"https:\/\/sofra.waw.pl\/wp-content\/uploads\/elementor\/thumbs\/IMG_7130-scaled-pjofr8g6f6p1im069z5drz0m6ih3ii7adrlgxfygz4.jpg\" alt=\"IMG_7130\" \/><\/figure><\/a><\/div>\t\t\t<\/div>\n\t\t\t\t\t\t\t\t\t\t\t\t<div class=\"elementor-swiper-button elementor-swiper-button-prev\" role=\"button\" tabindex=\"0\">\n\t\t\t\t\t\t<i aria-hidden=\"true\" class=\"eicon-chevron-left\"><\/i>\t\t\t\t\t<\/div>\n\t\t\t\t\t<div class=\"elementor-swiper-button elementor-swiper-button-next\" role=\"button\" tabindex=\"0\">\n\t\t\t\t\t\t<i aria-hidden=\"true\" class=\"eicon-chevron-right\"><\/i>\t\t\t\t\t<\/div>\n\t\t\t\t\n\t\t\t\t\t\t\t\t\t<div class=\"swiper-pagination\"><\/div>\n\t\t\t\t\t\t\t\t\t<\/div>\n\t\t\t\t\t\t<\/div>\n\t\t\t\t<\/div>\n\t\t\t\t\t<\/div>\n\t\t<\/div>\n\t\t\t\t<div class=\"elementor-column elementor-col-50 elementor-top-column elementor-element elementor-element-d97ffa6\" data-id=\"d97ffa6\" data-element_type=\"column\" data-settings=\"{&quot;animation&quot;:&quot;none&quot;,&quot;animation_mobile&quot;:&quot;none&quot;}\">\n\t\t\t<div class=\"elementor-widget-wrap elementor-element-populated\">\n\t\t\t\t\t\t<div class=\"elementor-element elementor-element-b920cf4 animated-slow elementor-widget-divider--view-line elementor-invisible elementor-widget elementor-widget-divider\" data-id=\"b920cf4\" data-element_type=\"widget\" data-settings=\"{&quot;_animation&quot;:&quot;fadeIn&quot;,&quot;_animation_mobile&quot;:&quot;fadeIn&quot;}\" data-widget_type=\"divider.default\">\n\t\t\t\t<div class=\"elementor-widget-container\">\n\t\t\t\t\t\t\t<div class=\"elementor-divider\">\n\t\t\t<span class=\"elementor-divider-separator\">\n\t\t\t\t\t\t<\/span>\n\t\t<\/div>\n\t\t\t\t\t\t<\/div>\n\t\t\t\t<\/div>\n\t\t\t\t<div class=\"elementor-element elementor-element-51dd806 animated-slow elementor-invisible elementor-widget elementor-widget-heading\" data-id=\"51dd806\" data-element_type=\"widget\" data-settings=\"{&quot;_animation&quot;:&quot;fadeIn&quot;,&quot;_animation_mobile&quot;:&quot;fadeIn&quot;}\" data-widget_type=\"heading.default\">\n\t\t\t\t<div class=\"elementor-widget-container\">\n\t\t\t\t\t<h3 class=\"elementor-heading-title elementor-size-large\">WEEKENDOWY BRUNCH<\/h3>\t\t\t\t<\/div>\n\t\t\t\t<\/div>\n\t\t\t\t<div class=\"elementor-element elementor-element-7c809b2 animated-slow elementor-invisible elementor-widget elementor-widget-text-editor\" data-id=\"7c809b2\" data-element_type=\"widget\" data-settings=\"{&quot;_animation_mobile&quot;:&quot;fadeIn&quot;,&quot;_animation&quot;:&quot;fadeIn&quot;}\" data-widget_type=\"text-editor.default\">\n\t\t\t\t<div class=\"elementor-widget-container\">\n\t\t\t\t\t\t\t\t\t<p><span class=\"gmail_default\">NASZ\u0104 KOCHAN\u0104 SOFR\u0118 ODWIEDZAJ\u0104 LUDZIE Z CA\u0141EGO \u015aWIATA , PRACUJ\u0104 Z NAMI FANTASTYCZNI LUDZIE R\u00d3WNIE\u017b Z CA\u0141EGO \u015aWIATA <\/span>.\u00a0<span class=\"gmail_default\">NASZE BRUNCHE \u015aNIADANIOWE\u00a0TO TYGIEL DA\u0143, KA\u017bDY KUCHARZ PRZYGOTOWUJE CO\u015a ZE SWOJEJ KULTURY\u00a0<\/span>\u00a0<span class=\"gmail_default\">DZI\u0118KI CZEMU MACIE SZANS\u0118 ZJE\u015a\u0106 NAJR\u00d3\u017bNIEJSZE DANIA .<\/span><\/p><p>W SOBOT\u0118 I NIEDZIEL\u0118 10.00-12<span class=\"gmail_default\">.3<\/span>0\u00a0 ZAPRASZAMY NA \u015aNIADANIOWY BRUNCH<span class=\"gmail_default\">\u00a0W CENIE 70 Z\u0141 OD OSOBY SERWUJEMY SAME SMAKO\u0141YKI W FORMIE BUFETU SZWEDZKIEGO .S\u0104 TO G\u0141\u00d3WNIE DANIA WEGETARIA\u0143SKIE DANIA Z JAJEK WARZYWA DESERY NAPOJE ZIMNE OWOCE HERBATA TURECKA LEMONIADY SOKI. JESZ, ILE CHCESZ I CO CHCESZ.\u00a0<img decoding=\"async\" class=\"emoji entered litespeed-loaded\" role=\"img\" draggable=\"false\" src=\"https:\/\/s.w.org\/images\/core\/emoji\/14.0.0\/svg\/1f60b.svg\" alt=\"\ud83d\ude0b\" data-lazyloaded=\"1\" data-src=\"https:\/\/s.w.org\/images\/core\/emoji\/14.0.0\/svg\/1f60b.svg\" data-ll-status=\"loaded\" \/><\/span><\/p><p><span class=\"gmail_default\">PS: KAWA W OPCJI DODATKOWEJ.\u00a0<\/span><\/p><p>DO ZOBACZENIA W SOFRA MEZZE &amp; FOOD<\/p>\t\t\t\t\t\t\t\t<\/div>\n\t\t\t\t<\/div>\n\t\t\t\t\t<\/div>\n\t\t<\/div>\n\t\t\t\t\t<\/div>\n\t\t<\/section>\n\t\t\t\t<\/div>\n\t\t","protected":false},"excerpt":{"rendered":"<p>WEEKENDOWY BRUNCH NASZ\u0104 KOCHAN\u0104 SOFR\u0118 ODWIEDZAJ\u0104 LUDZIE Z CA\u0141EGO \u015aWIATA , PRACUJ\u0104 Z NAMI FANTASTYCZNI LUDZIE R\u00d3WNIE\u017b Z CA\u0141EGO \u015aWIATA .\u00a0NASZE BRUNCHE \u015aNIADANIOWE\u00a0TO TYGIEL DA\u0143, KA\u017bDY KUCHARZ PRZYGOTOWUJE CO\u015a ZE SWOJEJ KULTURY\u00a0\u00a0DZI\u0118KI CZEMU MACIE SZANS\u0118 ZJE\u015a\u0106 NAJR\u00d3\u017bNIEJSZE DANIA . W SOBOT\u0118 I NIEDZIEL\u0118 10.00-12.30\u00a0 ZAPRASZAMY NA \u015aNIADANIOWY BRUNCH\u00a0W CENIE 70 Z\u0141 OD OSOBY SERWUJEMY SAME [&hellip;]<\/p>\n","protected":false},"author":2,"featured_media":0,"parent":0,"menu_order":0,"comment_status":"closed","ping_status":"closed","template":"","meta":{"ocean_post_layout":"","ocean_both_sidebars_style":"","ocean_both_sidebars_content_width":0,"ocean_both_sidebars_sidebars_width":0,"ocean_sidebar":"0","ocean_second_sidebar":"0","ocean_disable_margins":"enable","ocean_add_body_class":"","ocean_shortcode_before_top_bar":"","ocean_shortcode_after_top_bar":"","ocean_shortcode_before_header":"","ocean_shortcode_after_header":"","ocean_has_shortcode":"","ocean_shortcode_after_title":"","ocean_shortcode_before_footer_widgets":"","ocean_shortcode_after_footer_widgets":"","ocean_shortcode_before_footer_bottom":"","ocean_shortcode_after_footer_bottom":"","ocean_display_top_bar":"default","ocean_display_header":"default","ocean_header_style":"","ocean_center_header_left_menu":"0","ocean_custom_header_template":"0","ocean_custom_logo":0,"ocean_custom_retina_logo":0,"ocean_custom_logo_max_width":0,"ocean_custom_logo_tablet_max_width":0,"ocean_custom_logo_mobile_max_width":0,"ocean_custom_logo_max_height":0,"ocean_custom_logo_tablet_max_height":0,"ocean_custom_logo_mobile_max_height":0,"ocean_header_custom_menu":"0","ocean_menu_typo_font_family":"0","ocean_menu_typo_font_subset":"","ocean_menu_typo_font_size":0,"ocean_menu_typo_font_size_tablet":0,"ocean_menu_typo_font_size_mobile":0,"ocean_menu_typo_font_size_unit":"px","ocean_menu_typo_font_weight":"","ocean_menu_typo_font_weight_tablet":"","ocean_menu_typo_font_weight_mobile":"","ocean_menu_typo_transform":"","ocean_menu_typo_transform_tablet":"","ocean_menu_typo_transform_mobile":"","ocean_menu_typo_line_height":0,"ocean_menu_typo_line_height_tablet":0,"ocean_menu_typo_line_height_mobile":0,"ocean_menu_typo_line_height_unit":"","ocean_menu_typo_spacing":0,"ocean_menu_typo_spacing_tablet":0,"ocean_menu_typo_spacing_mobile":0,"ocean_menu_typo_spacing_unit":"","ocean_menu_link_color":"","ocean_menu_link_color_hover":"","ocean_menu_link_color_active":"","ocean_menu_link_background":"","ocean_menu_link_hover_background":"","ocean_menu_link_active_background":"","ocean_menu_social_links_bg":"","ocean_menu_social_hover_links_bg":"","ocean_menu_social_links_color":"","ocean_menu_social_hover_links_color":"","ocean_disable_title":"default","ocean_disable_heading":"default","ocean_post_title":"","ocean_post_subheading":"","ocean_post_title_style":"","ocean_post_title_background_color":"","ocean_post_title_background":0,"ocean_post_title_bg_image_position":"","ocean_post_title_bg_image_attachment":"","ocean_post_title_bg_image_repeat":"","ocean_post_title_bg_image_size":"","ocean_post_title_height":0,"ocean_post_title_bg_overlay":0.5,"ocean_post_title_bg_overlay_color":"","ocean_disable_breadcrumbs":"default","ocean_breadcrumbs_color":"","ocean_breadcrumbs_separator_color":"","ocean_breadcrumbs_links_color":"","ocean_breadcrumbs_links_hover_color":"","ocean_display_footer_widgets":"default","ocean_display_footer_bottom":"default","ocean_custom_footer_template":"0","footnotes":""},"class_list":["post-1153","page","type-page","status-publish","hentry","entry"],"yoast_head":"<!-- This site is optimized with the Yoast SEO plugin v24.5 - https:\/\/yoast.com\/wordpress\/plugins\/seo\/ -->\n<title>WEEKEDOWY BRUNCH - Sofra<\/title>\n<meta name=\"robots\" content=\"index, follow, max-snippet:-1, max-image-preview:large, max-video-preview:-1\" \/>\n<link rel=\"canonical\" href=\"https:\/\/sofra.waw.pl\/?page_id=1153\" \/>\n<meta property=\"og:locale\" content=\"pl_PL\" \/>\n<meta property=\"og:type\" content=\"article\" \/>\n<meta property=\"og:title\" content=\"WEEKEDOWY BRUNCH - Sofra\" \/>\n<meta property=\"og:description\" content=\"WEEKENDOWY BRUNCH NASZ\u0104 KOCHAN\u0104 SOFR\u0118 ODWIEDZAJ\u0104 LUDZIE Z CA\u0141EGO \u015aWIATA , PRACUJ\u0104 Z NAMI FANTASTYCZNI LUDZIE R\u00d3WNIE\u017b Z CA\u0141EGO \u015aWIATA .\u00a0NASZE BRUNCHE \u015aNIADANIOWE\u00a0TO TYGIEL DA\u0143, KA\u017bDY KUCHARZ PRZYGOTOWUJE CO\u015a ZE SWOJEJ KULTURY\u00a0\u00a0DZI\u0118KI CZEMU MACIE SZANS\u0118 ZJE\u015a\u0106 NAJR\u00d3\u017bNIEJSZE DANIA . W SOBOT\u0118 I NIEDZIEL\u0118 10.00-12.30\u00a0 ZAPRASZAMY NA \u015aNIADANIOWY BRUNCH\u00a0W CENIE 70 Z\u0141 OD OSOBY SERWUJEMY SAME [&hellip;]\" \/>\n<meta property=\"og:url\" content=\"https:\/\/sofra.waw.pl\/?page_id=1153\" \/>\n<meta property=\"og:site_name\" content=\"Sofra\" \/>\n<meta property=\"article:publisher\" content=\"https:\/\/www.facebook.com\/sofra.warszawa\/\" \/>\n<meta property=\"article:modified_time\" content=\"2025-06-17T17:48:26+00:00\" \/>\n<meta property=\"og:image\" content=\"https:\/\/sofra.waw.pl\/wp-content\/uploads\/elementor\/thumbs\/IMG_4408-pjofqpnemhzb2erhbr0ue3reat1r8k4nn6jrbwqcfk.jpg\" \/>\n<meta name=\"twitter:card\" content=\"summary_large_image\" \/>\n<meta name=\"twitter:label1\" content=\"Szacowany czas czytania\" \/>\n\t<meta name=\"twitter:data1\" content=\"3 minuty\" \/>\n<script type=\"application\/ld+json\" class=\"yoast-schema-graph\">{\"@context\":\"https:\/\/schema.org\",\"@graph\":[{\"@type\":\"WebPage\",\"@id\":\"https:\/\/sofra.waw.pl\/?page_id=1153\",\"url\":\"https:\/\/sofra.waw.pl\/?page_id=1153\",\"name\":\"WEEKEDOWY BRUNCH - Sofra\",\"isPartOf\":{\"@id\":\"https:\/\/sofra.waw.pl\/#website\"},\"primaryImageOfPage\":{\"@id\":\"https:\/\/sofra.waw.pl\/?page_id=1153#primaryimage\"},\"image\":{\"@id\":\"https:\/\/sofra.waw.pl\/?page_id=1153#primaryimage\"},\"thumbnailUrl\":\"https:\/\/sofra.waw.pl\/wp-content\/uploads\/elementor\/thumbs\/IMG_4408-pjofqpnemhzb2erhbr0ue3reat1r8k4nn6jrbwqcfk.jpg\",\"datePublished\":\"2020-10-11T00:48:04+00:00\",\"dateModified\":\"2025-06-17T17:48:26+00:00\",\"breadcrumb\":{\"@id\":\"https:\/\/sofra.waw.pl\/?page_id=1153#breadcrumb\"},\"inLanguage\":\"pl-PL\",\"potentialAction\":[{\"@type\":\"ReadAction\",\"target\":[\"https:\/\/sofra.waw.pl\/?page_id=1153\"]}]},{\"@type\":\"ImageObject\",\"inLanguage\":\"pl-PL\",\"@id\":\"https:\/\/sofra.waw.pl\/?page_id=1153#primaryimage\",\"url\":\"https:\/\/sofra.waw.pl\/wp-content\/uploads\/elementor\/thumbs\/IMG_4408-pjofqpnemhzb2erhbr0ue3reat1r8k4nn6jrbwqcfk.jpg\",\"contentUrl\":\"https:\/\/sofra.waw.pl\/wp-content\/uploads\/elementor\/thumbs\/IMG_4408-pjofqpnemhzb2erhbr0ue3reat1r8k4nn6jrbwqcfk.jpg\"},{\"@type\":\"BreadcrumbList\",\"@id\":\"https:\/\/sofra.waw.pl\/?page_id=1153#breadcrumb\",\"itemListElement\":[{\"@type\":\"ListItem\",\"position\":1,\"name\":\"Strona g\u0142\u00f3wna\",\"item\":\"https:\/\/sofra.waw.pl\/\"},{\"@type\":\"ListItem\",\"position\":2,\"name\":\"WEEKEDOWY BRUNCH\"}]},{\"@type\":\"WebSite\",\"@id\":\"https:\/\/sofra.waw.pl\/#website\",\"url\":\"https:\/\/sofra.waw.pl\/\",\"name\":\"Sofra\",\"description\":\"Sofra Mezze &amp; Food\",\"publisher\":{\"@id\":\"https:\/\/sofra.waw.pl\/#organization\"},\"potentialAction\":[{\"@type\":\"SearchAction\",\"target\":{\"@type\":\"EntryPoint\",\"urlTemplate\":\"https:\/\/sofra.waw.pl\/?s={search_term_string}\"},\"query-input\":{\"@type\":\"PropertyValueSpecification\",\"valueRequired\":true,\"valueName\":\"search_term_string\"}}],\"inLanguage\":\"pl-PL\"},{\"@type\":\"Organization\",\"@id\":\"https:\/\/sofra.waw.pl\/#organization\",\"name\":\"Sofra\",\"url\":\"https:\/\/sofra.waw.pl\/\",\"logo\":{\"@type\":\"ImageObject\",\"inLanguage\":\"pl-PL\",\"@id\":\"https:\/\/sofra.waw.pl\/#\/schema\/logo\/image\/\",\"url\":\"https:\/\/sofra.waw.pl\/wp-content\/uploads\/2022\/01\/cropped-56943_367555509989881_1344063557_o-removebg-preview-9.png\",\"contentUrl\":\"https:\/\/sofra.waw.pl\/wp-content\/uploads\/2022\/01\/cropped-56943_367555509989881_1344063557_o-removebg-preview-9.png\",\"width\":500,\"height\":363,\"caption\":\"Sofra\"},\"image\":{\"@id\":\"https:\/\/sofra.waw.pl\/#\/schema\/logo\/image\/\"},\"sameAs\":[\"https:\/\/www.facebook.com\/sofra.warszawa\/\",\"https:\/\/www.instagram.com\/sofra_mezze_food\/\"]}]}<\/script>\n<!-- \/ Yoast SEO plugin. -->","yoast_head_json":{"title":"WEEKEDOWY BRUNCH - Sofra","robots":{"index":"index","follow":"follow","max-snippet":"max-snippet:-1","max-image-preview":"max-image-preview:large","max-video-preview":"max-video-preview:-1"},"canonical":"https:\/\/sofra.waw.pl\/?page_id=1153","og_locale":"pl_PL","og_type":"article","og_title":"WEEKEDOWY BRUNCH - Sofra","og_description":"WEEKENDOWY BRUNCH NASZ\u0104 KOCHAN\u0104 SOFR\u0118 ODWIEDZAJ\u0104 LUDZIE Z CA\u0141EGO \u015aWIATA , PRACUJ\u0104 Z NAMI FANTASTYCZNI LUDZIE R\u00d3WNIE\u017b Z CA\u0141EGO \u015aWIATA .\u00a0NASZE BRUNCHE \u015aNIADANIOWE\u00a0TO TYGIEL DA\u0143, KA\u017bDY KUCHARZ PRZYGOTOWUJE CO\u015a ZE SWOJEJ KULTURY\u00a0\u00a0DZI\u0118KI CZEMU MACIE SZANS\u0118 ZJE\u015a\u0106 NAJR\u00d3\u017bNIEJSZE DANIA . W SOBOT\u0118 I NIEDZIEL\u0118 10.00-12.30\u00a0 ZAPRASZAMY NA \u015aNIADANIOWY BRUNCH\u00a0W CENIE 70 Z\u0141 OD OSOBY SERWUJEMY SAME [&hellip;]","og_url":"https:\/\/sofra.waw.pl\/?page_id=1153","og_site_name":"Sofra","article_publisher":"https:\/\/www.facebook.com\/sofra.warszawa\/","article_modified_time":"2025-06-17T17:48:26+00:00","og_image":[{"url":"https:\/\/sofra.waw.pl\/wp-content\/uploads\/elementor\/thumbs\/IMG_4408-pjofqpnemhzb2erhbr0ue3reat1r8k4nn6jrbwqcfk.jpg","type":"","width":"","height":""}],"twitter_card":"summary_large_image","twitter_misc":{"Szacowany czas czytania":"3 minuty"},"schema":{"@context":"https:\/\/schema.org","@graph":[{"@type":"WebPage","@id":"https:\/\/sofra.waw.pl\/?page_id=1153","url":"https:\/\/sofra.waw.pl\/?page_id=1153","name":"WEEKEDOWY BRUNCH - Sofra","isPartOf":{"@id":"https:\/\/sofra.waw.pl\/#website"},"primaryImageOfPage":{"@id":"https:\/\/sofra.waw.pl\/?page_id=1153#primaryimage"},"image":{"@id":"https:\/\/sofra.waw.pl\/?page_id=1153#primaryimage"},"thumbnailUrl":"https:\/\/sofra.waw.pl\/wp-content\/uploads\/elementor\/thumbs\/IMG_4408-pjofqpnemhzb2erhbr0ue3reat1r8k4nn6jrbwqcfk.jpg","datePublished":"2020-10-11T00:48:04+00:00","dateModified":"2025-06-17T17:48:26+00:00","breadcrumb":{"@id":"https:\/\/sofra.waw.pl\/?page_id=1153#breadcrumb"},"inLanguage":"pl-PL","potentialAction":[{"@type":"ReadAction","target":["https:\/\/sofra.waw.pl\/?page_id=1153"]}]},{"@type":"ImageObject","inLanguage":"pl-PL","@id":"https:\/\/sofra.waw.pl\/?page_id=1153#primaryimage","url":"https:\/\/sofra.waw.pl\/wp-content\/uploads\/elementor\/thumbs\/IMG_4408-pjofqpnemhzb2erhbr0ue3reat1r8k4nn6jrbwqcfk.jpg","contentUrl":"https:\/\/sofra.waw.pl\/wp-content\/uploads\/elementor\/thumbs\/IMG_4408-pjofqpnemhzb2erhbr0ue3reat1r8k4nn6jrbwqcfk.jpg"},{"@type":"BreadcrumbList","@id":"https:\/\/sofra.waw.pl\/?page_id=1153#breadcrumb","itemListElement":[{"@type":"ListItem","position":1,"name":"Strona g\u0142\u00f3wna","item":"https:\/\/sofra.waw.pl\/"},{"@type":"ListItem","position":2,"name":"WEEKEDOWY BRUNCH"}]},{"@type":"WebSite","@id":"https:\/\/sofra.waw.pl\/#website","url":"https:\/\/sofra.waw.pl\/","name":"Sofra","description":"Sofra Mezze &amp; Food","publisher":{"@id":"https:\/\/sofra.waw.pl\/#organization"},"potentialAction":[{"@type":"SearchAction","target":{"@type":"EntryPoint","urlTemplate":"https:\/\/sofra.waw.pl\/?s={search_term_string}"},"query-input":{"@type":"PropertyValueSpecification","valueRequired":true,"valueName":"search_term_string"}}],"inLanguage":"pl-PL"},{"@type":"Organization","@id":"https:\/\/sofra.waw.pl\/#organization","name":"Sofra","url":"https:\/\/sofra.waw.pl\/","logo":{"@type":"ImageObject","inLanguage":"pl-PL","@id":"https:\/\/sofra.waw.pl\/#\/schema\/logo\/image\/","url":"https:\/\/sofra.waw.pl\/wp-content\/uploads\/2022\/01\/cropped-56943_367555509989881_1344063557_o-removebg-preview-9.png","contentUrl":"https:\/\/sofra.waw.pl\/wp-content\/uploads\/2022\/01\/cropped-56943_367555509989881_1344063557_o-removebg-preview-9.png","width":500,"height":363,"caption":"Sofra"},"image":{"@id":"https:\/\/sofra.waw.pl\/#\/schema\/logo\/image\/"},"sameAs":["https:\/\/www.facebook.com\/sofra.warszawa\/","https:\/\/www.instagram.com\/sofra_mezze_food\/"]}]}},"_links":{"self":[{"href":"https:\/\/sofra.waw.pl\/index.php?rest_route=\/wp\/v2\/pages\/1153","targetHints":{"allow":["GET"]}}],"collection":[{"href":"https:\/\/sofra.waw.pl\/index.php?rest_route=\/wp\/v2\/pages"}],"about":[{"href":"https:\/\/sofra.waw.pl\/index.php?rest_route=\/wp\/v2\/types\/page"}],"author":[{"embeddable":true,"href":"https:\/\/sofra.waw.pl\/index.php?rest_route=\/wp\/v2\/users\/2"}],"replies":[{"embeddable":true,"href":"https:\/\/sofra.waw.pl\/index.php?rest_route=%2Fwp%2Fv2%2Fcomments&post=1153"}],"version-history":[{"count":51,"href":"https:\/\/sofra.waw.pl\/index.php?rest_route=\/wp\/v2\/pages\/1153\/revisions"}],"predecessor-version":[{"id":2304,"href":"https:\/\/sofra.waw.pl\/index.php?rest_route=\/wp\/v2\/pages\/1153\/revisions\/2304"}],"wp:attachment":[{"href":"https:\/\/sofra.waw.pl\/index.php?rest_route=%2Fwp%2Fv2%2Fmedia&parent=1153"}],"curies":[{"name":"wp","href":"https:\/\/api.w.org\/{rel}","templated":true}]}}